 + 8. Let p be d(10). Let b = 194 + p. Suppose 8*c - b = -0*c. What is the greatest common divisor of c and 12?
12
Suppose 12 + 12 = 6*b. Suppose -15*w + 717 = -423. What is the highest common factor of w and b?
4
Let z be 2/(-6)*3*-67. Let o(h) = 76*h**2 - 764*h - 18. Let d be o(10). Let w = d + z. Calculate the greatest common factor of 6 and w.
3
Suppose -4*m = 44 - 188. Let r(t) = 25*t - 104. Let g be r(4). Let i(z) = z**2 - 8*z - 21. Let x be i(g). What is the greatest common divisor of x and m?
9
Let j = -116 - -124. Suppose 0 = 3*f - 4*f - j*f. Suppose -5*y = 15, f = d - 0*d - 3*y - 18. Calculate the greatest common divisor of d and 9.
9
Let c = 126 + -118. Let k(b) = -3*b - 2. Let y be k(-5). Suppose -12*j - 16 = -y*j. What is the highest common factor of j and c?
8
Suppose -l = 3*y, -4*l + 2*y + 43 = -13. Let d be 86/l - 1*(-1)/(-6). Let j be (28 - 0)*((-125)/20 + d). What is the greatest common factor of j and 168?
21
Suppose -2*m = 5*f + 2 + 13, -3*m + 2*f = -6. Let j = -365 + 365. Suppose -6*a + j*a + 162 = m. What is the greatest common factor of a and 18?
9
Suppose 4*p - 98*s + 100*s - 482 = 0, -5*p = -s - 599. Calculate the highest common factor of 7160 and p.
40
Let l be (0 + -68)*20/(-12)*1197/190. Calculate the highest common factor of 2244 and l.
102
Suppose -3*m + 78 = 3*t, -15 - 42 = -2*t - m. Suppose -21*j + 2184 = t*j. Calculate the greatest common factor of 14 and j.
14
Suppose 608 - 614 = -z, 3*u = 4*z + 1080. Calculate the highest common factor of 3266 and u.
46
Suppose 3*p = 0, -2*t + 4*t - 5*p - 72 = 0. Suppose 0 = -4*d + 6526*f - 6527*f + 53, -5*f - 35 = -5*d. What is the highest common divisor of t and d?
12
Let h(x) = -x**3 - 5*x**2 + 9*x + 38. Let o(s) = s + 21. Let v be o(-27). Let y be h(v). Calculate the highest common factor of y and 90.
10
Let z(b) = -3*b**2 - 35*b + 3. Let w be z(-25). Let y = 1004 + w. Suppose 113 = 4*k - 111. What is the highest common divisor of y and k?
7
Let y be ((-10)/(-25))/((-8)/1850)*(-136 + 100). Calculate the highest common factor of y and 135.
45
Let d(b) = -104*b + 43. Let a be d(8). Let g = a - -1214. What is the greatest common factor of g and 85?
85
Suppose 7*w - 269 + 131 = -54. What is the greatest common divisor of w and 24852?
12
Suppose 0 = -7*p - 69 + 13, -5*i = 2*p - 92859. Calculate the greatest common divisor of 50 and i.
25
Let p(a) = -2*a**3 - 80*a**2 + a + 45. Let n be p(-40). What is the highest common factor of 2215 and n?
5
Suppose -5*p + 278 = d, 0 = 11*d - 16*d - 3*p + 1324. Suppose 3*t + 1309 = -4*t. Let o = t + d. Calculate the greatest common divisor of o and 19.
19
Suppose -2*m + 2*p - p = 3, -4*p + 12 = 2*m. Suppose -3*b + m*b + 73 = 4*i, -b + 4*i = -19. Let t = 61 - b. Calculate the greatest common divisor of t and 76.
38
Suppose 0 = 4*r + r. Let w(p) = 2*p**2 - 5. Let x be w(r). Let i be ((-3)/x)/(2/10). Calculate the greatest common divisor of i and 21.
3
Let r(y) = 92*y - 56 + 23 + 5*y - 36. Let q be r(5). What is the greatest common factor of 32 and q?
32
Let z = 647 - 607. Calculate the greatest common divisor of 392 and z.
8
Let k(t) = 94 - 4*t + 30*t + 22*t + 2*t**2 + 124. Let z be k(-28). Calculate the highest common factor of 26 and z.
26
Let i = -8222 + 11797. What is the highest common factor of i and 55?
55
Let r be (1/(-6))/(4/(-8))*42. Let y be ((-20)/r)/(2/(-7)). What is the greatest common divisor of 5 and y?
5
Suppose -3*c = -5*c - 2*l + 330, 2*c + l = 335. Let g = -55 - -89. What is the greatest common divisor of g and c?
34
Suppose 39*l - 1862525 = -106*l. What is the greatest common divisor of l and 35?
35
Suppose -r - 32 + 26 = -96. What is the highest common factor of 963 and r?
9
Let j be (-30352)/48 + (44/(-12) - -2). Let w = -624 - j. Suppose 0*g - 90 = -g + 4*h, h + 5 = 0. What is the greatest common divisor of w and g?
10
Suppose 5*a = -4*s + 1709, 4*a + 2167 = -4*s + 9*s. Let h = s - 246. Calculate the highest common factor of h and 37.
37
Suppose -31*k + 33*k = -5*n + 10562, -k + 6337 = 3*n. Calculate the highest common divisor of n and 72.
24
Suppose 5*m + 4 = 74. Suppose 3*d + 75 = 3*w, 0 = 5*w + 5*d + 8 - 93. What is the greatest common divisor of m and w?
7
Let r be (-198)/(-3) - 224/(-16). What is the highest common factor of 464 and r?
16
Let m(a) = -2*a**3 - 3*a**2 - 4*a - 1. Let s be m(-10). Let u = -902 + s. What is the greatest common factor of u and 27?
27
Let l be (46/4)/(4/216). Let h(y) = 7*y**2 + 28*y - 8. Let t be h(-5). Calculate the highest common divisor of t and l.
27
Let o = 9438 - 9097. Calculate the greatest common factor of 264 and o.
11
Suppose -7*u + 5*z + 13 = -6*u, 4*z + 16 = 0. Let s be (0/2 - u)*2. Let y be ((-79)/(-11) - 0) + 4/(-22). What is the greatest common divisor of y and s?
7
Let z(t) = 6*t + 211. Let c be z(-33). Let m(b) = 32*b - 380. Let x be m(c). Calculate the greatest common factor of 228 and x.
12
Suppose 2018*y - 705 = 1971*y. Calculate the highest common factor of 1915 and y.
5
Let f(y) = y**2 - 30*y + 110. Let k be f(26). Let o be 8 + (-24)/k - (-1065 - 2). Calculate the greatest common divisor of 119 and o.
119
Let o be 275232/122 - (-21)/(-3)*-1. What is the highest common factor of 73 and o?
73
Let n(p) = 2*p + 7. Let w = -98 + 178. Suppose 5*f - w + 70 = 0. Let x be n(f). Calculate the greatest common divisor of x and 1.
1
Let t be (-15 + 2)*(-558)/2418. Calculate the highest common factor of 27 and t.
3
Let s = -55 + 55. Suppose l - 3*c - 103 = s, c + 12 = 2*l - 194. Suppose -4*o = -d - l, o + 108 = 5*o + 4*d. What is the highest common factor of o and 234?
26
Suppose 18 + 72 = 5*u. Let m be ((-24)/u)/4 + 2/6. Suppose m*p - 8 = 2*p, -44 = -4*x - p. Calculate the greatest common divisor of 24 and x.
12
Suppose -13*o - 97 = -409. Let h(k) = -3*k**3 - 7*k**2 - 2*k. Let j be h(-3). Calculate the greatest common factor of j and o.
24
Let k be ((4 - 47) + -2)*(-4)/3. Suppose 0 = -o - 4*o - k. Let s be 32*-5*3/o. Calculate the highest common factor of s and 8.
8
Let p be (3 + (-16 - -1))/(-2). Let n = 52455 - 52341. Calculate the greatest common divisor of p and n.
6
Suppose -2*z + l = -237, -4*z + 115 + 356 = -3*l. Calculate the greatest common divisor of 1065 and z.
15
Suppose -84*u + 209844 = 6*u + 18*u. Calculate the highest common divisor of 783 and u.
29
Let c(u) = -u**2 + 83*u - 1055. Let r be c(53). What is the greatest common divisor of r and 65?
5
Suppose 40*i = 16*i + 3360. What is the greatest common factor of i and 224?
28
Suppose -2346 = -16*n + 22*n. Let y = n + 398. Calculate the highest common factor of 1120 and y.
7
Let x = 3429 + -3341. Calculate the highest common factor of 1826 and x.
22
Let p = 942 - 771. Suppose 5*h = -2*l - 2*l - 1413, 1132 = -4*h - 4*l. Let t = h - -395. Calculate the greatest common divisor of t and p.
57
Let j be ((-4)/9)/1 + (-17230)/(-90). Suppose j - 239 = -3*p. What is the greatest common factor of p and 1?
1
Suppose -198*j + 10626 = -196*j. Suppose 11*s + 10*s - j = 0. What is the greatest common divisor of s and 23?
23
Let t be (-5 - 119/1)/(-2). Suppose -3*b + 106 = -t. Calculate the highest common divisor of 140 and b.
28
Suppose 5*u + 19 = 79. Let j(n) = n**3 - 6*n**2 + 5*n - 14. Let x = -177 + 183. Let q be j(x). Calculate the highest common factor of q and u.
4
Let f(s) = s**3 - 25*s**2 - 56*s + 848. Let k be f(26). Calculate the highest common divisor of 7038 and k.
34
Let i = -21023 + 21265. What is the greatest common factor of i and 1980?
22
Let w(p) = 13*p**2 + 50*p + 14. Suppose 140 = -43*u + 8*u. Let k be w(u). Calculate the highest common factor of 187 and k.
11
Let n = -247 - -8021. What is the greatest common divisor of n and 46?
46
Let f = 237 - 234. Suppose 3*g + 3*r - 86 = g, -f*g + 3*r + 99 = 0. What is the highest common factor of 629 and g?
37
Suppose -3*p = p - 16. Suppose 0*a = 5*v - a - 2, -4*a = p*v - 16. Let u be 15/6 - 1/2*v. What is the greatest common divisor of 6 and u?
2
Suppose -46*n + 155 = -3157. Calculate the highest common divisor of n and 7848.
72
Let j be -3 + (264/3)/(-8) + 483. Calculate the highest common divisor of j and 154.
7
Suppose -2*o + 0*o = y - 597, -4*o = 20. Let s = y + -467. Calculate the highest common factor of s and 105.
35
Let k = -5637 - -5994. What is the highest 